6 a factor of 7911?
False
Does 8 divide 33883?
False
Does 12 divide 4041?
False
Is 5120 a multiple of 16?
True
Is 3 a factor of 69?
True
Is 4624 a multiple of 17?
True
Is 152 even?
True
Is 3186 a multiple of 50?
False
Is 4092 a multiple of 186?
True
Does 7 divide 1199?
False
Does 37 divide 1369?
True
Is 5 a factor of 9189?
False
Does 24 divide 3792?
True
Is 26 a factor of 2536?
False
Does 10 divide 70?
True
Does 6 divide 110?
False
Is 464 a multiple of 4?
True
Is 1289 a multiple of 14?
False
Is 85 a factor of 1473?
False
Is 2 a factor of 2103?
False
Is 951 a multiple of 10?
False
Is 2103 a multiple of 11?
False
Is 95 a factor of 1900?
True
Is 9 a factor of 1050?
False
Does 91 divide 19747?
True
Is 16 a factor of 16536?
False
Is 4 a factor of 126?
False
Is 8 a factor of 448?
True
Does 2 divide 2299?
False
Does 4 divide 16592?
True
Does 51 divide 29937?
True
Is 4 a factor of 17213?
False
Is 707 a multiple of 63?
False
Is 29 a factor of 4176?
True
Is 754 a multiple of 58?
True
Is 10 a factor of 655?
False
Is 58686 a multiple of 45?
False
Is 18153 a multiple of 9?
True
Is 2720 a multiple of 102?
False
Does 343 divide 47677?
True
Is 1105 a multiple of 5?
True
Is 1386 a multiple of 18?
True
Is 2520 a multiple of 36?
True
Is 3 a factor of 8319?
True
Is 9114 a multiple of 217?
True
Does 55 divide 15730?
True
Is 3474 a multiple of 3?
True
Is 12 a factor of 204?
True
Is 25 a factor of 35825?
True
Does 13 divide 1221?
False
Is 1598 a multiple of 34?
True
Does 14 divide 224?
True
Is 4914 a multiple of 18?
True
Does 19 divide 13585?
True
Does 16 divide 3501?
False
Is 51 a factor of 18867?
False
Does 43 divide 69531?
True
Does 87 divide 6873?
True
Does 54 divide 10943?
False
Is 5 a factor of 1898?
False
Is 10 a factor of 283?
False
Does 23 divide 585?
False
Does 8 divide 14392?
True
Is 15 a factor of 1151?
False
Is 15 a factor of 2547?
False
Is 741 a multiple of 17?
False
Does 6 divide 5203?
False
Is 22 a factor of 990?
True
Does 45 divide 2790?
True
Is 8 a factor of 121?
False
Does 4 divide 57?
False
Is 36 a factor of 1204?
False
Is 16 a factor of 1807?
False
Is 3 a factor of 6658?
False
Is 183 a multiple of 4?
False
Is 2235 a multiple of 15?
True
Is 50344 a multiple of 12?
False
Is 27 a factor of 351?
True
Does 109 divide 7571?
False
Is 22 a factor of 2300?
False
Does 10 divide 1530?
True
Is 76 a factor of 22710?
False
Is 18 a factor of 3668?
False
Is 1474 a multiple of 11?
True
Is 47 a factor of 2521?
False
Is 68 a factor of 42845?
False
Is 124 a factor of 7440?
True
Is 18 a factor of 5724?
True
Does 158 divide 15958?
True
Is 132 a factor of 14531?
False
Is 48 a factor of 8935?
False
Is 3404 a multiple of 92?
True
Is 4 a factor of 81?
False
Does 36 divide 2004?
False
Is 89 a multiple of 2?
False
Does 7 divide 175?
True
Does 7 divide 1810?
False
Is 3 a factor of 468?
True
Is 56267 a multiple of 234?
False
Is 7 a factor of 135?
False
Does 10 divide 15100?
True
Is 4374 a multiple of 55?
False
Is 370 a multiple of 37?
True
Is 10 a factor of 16853?
False
Does 7 divide 103355?
True
Does 15 divide 750?
True
Is 12 a factor of 840?
True
Is 92 a factor of 1840?
True
Is 19 a factor of 1615?
True
Is 3393 a multiple of 6?
False
Is 22 a factor of 352?
True
Is 504 a multiple of 14?
True
Is 11 a factor of 77?
True
Does 81 divide 2996?
False
Is 14 a factor of 21854?
True
Does 15 divide 2220?
True
Is 16 a factor of 42?
False
Does 27 divide 135?
True
Does 8 divide 276?
False
Does 9 divide 890?
False
Is 152255 a multiple of 37?
True
Does 4 divide 2396?
True
Is 109 a multiple of 2?
False
Is 25788 a multiple of 195?
False
Is 10 a factor of 956?
False
Is 837 a multiple of 31?
True
Does 142 divide 15853?
False
Is 1743 a multiple of 2?
False
Does 15 divide 465?
True
Does 9 divide 15025?
False
Does 42 divide 20587?
False
Is 16 a factor of 288?
True
Is 1260 a multiple of 36?
True
Is 900 a multiple of 60?
True
Does 17 divide 1948?
False
Is 230 a multiple of 23?
True
Is 3444 a multiple of 41?
True
Is 3 a factor of 156?
True
Does 12 divide 408?
True
Is 47 a factor of 585?
False
Does 9 divide 6930?
True
Is 1370 a multiple of 10?
True
Is 36 a multiple of 9?
True
Is 1413 a multiple of 9?
True
Does 23 divide 4784?
True
Is 1193 a multiple of 3?
False
Does 14 divide 595?
False
Does 79 divide 2244?
False
Does 10 divide 1562?
False
Does 14 divide 148?
False
Is 35 a factor of 1190?
True
Is 53 a factor of 7261?
True
Is 417 a multiple of 6?
False
Does 5 divide 300?
True
Does 7 divide 16750?
False
Is 428 a multiple of 2?
True
Is 12288 a multiple of 256?
True
Does 12 divide 1356?
True
Does 33 divide 165?
True
Is 1127 a multiple of 49?
True
Does 6 divide 12205?
False
Is 4770 a multiple of 3?
True
Is 29 a factor of 7395?
True
Does 4 divide 3160?
True
Does 3 divide 393?
True
Is 36839 a multiple of 45?
False
Is 14248 a multiple of 16?
False
Does 54 divide 473?
False
Is 10 a factor of 500?
True
Is 137 a multiple of 2?
False
Is 4 a factor of 392?
True
Is 4 a factor of 285?
False
Is 4 a factor of 220?
True
Does 22 divide 884?
False
Does 26 divide 1586?
True
Is 289 a multiple of 11?
False
Is 2156 a multiple of 77?
True
Is 13 a factor of 8787?
False
Is 6 a factor of 12223?
False
Is 28 a factor of 111?
False
Is 824 a multiple of 31?
False
Is 11115 a multiple of 91?
False
Is 6884 a multiple of 14?
False
Does 7 divide 224?
True
Is 55 a factor of 16874?
False
Is 84 a factor of 945?
False
Is 12 a factor of 3326?
False
Does 11 divide 957?
True
Is 57 a factor of 9624?
False
Is 47221 a multiple of 48?
False
Is 248 a factor of 110902?
False
Does 9 divide 170?
False
Is 63 a factor of 9576?
True
Is 663 a multiple of 3?
True
Is 105 even?
False
Is 30 a factor of 6690?
True
Is 37 a factor of 777?
True
Is 38 a factor of 5852?
True
Is 485 a factor of 35256?
False
Is 215 a multiple of 59?
False
Is 2624 a multiple of 7?
False
Is 13658 a multiple of 58?
False
Is 30 a factor of 1368?
False
Is 1778 a multiple of 42?
False
Does 25 divide 18350?
True
Is 17 a factor of 434?
False
Is 106 a factor of 2237?
False
Does 6 divide 1931?
False
Is 20130 a multiple of 10?
True
Does 12 divide 7800?
True
Is 350 a multiple of 27?
False
Is 308 a multiple of 22?
True
Is 6 a factor of 2591?
False
Does 45 divide 47?
False
Does 4 divide 638?
False
Is 27539 a multiple of 75?
False
Does 26 divide 13702?
True
Is 171 a factor of 3249?
True
Is 342 a multiple of 23?
False
Is 39 a factor of 696?
False
Is 28 a factor of 3332?
True
Does 142 divide 15762?
True
Is 119 a factor of 11543?
True
Is 3620 a multiple of 36?
False
Is 25 a factor of 548?
False
Is 22 a factor of 577?
False
Does 38 divide 2850?
True
Is 754 a multiple of 58?
True
Is 1867 a multiple of 10?
False
Is 23096 a multiple of 55?
False
Is 44 even?
True
Is 798 a multiple of 52?
False
Does 12 divide 290?
False
Does 6 divide 1391?
False
Is 10 a factor of 421?
False
Does 6 divide 26668?
False
Is 49406 a multiple of 19?
False
Is 32 a factor of 6693?
False
Is 24 a multiple of 3?
True
Is 63 a factor of 5229?
True
Does 169 divide 10082?
False
Does 23 divide 1114?
False
Is 13608 a multiple of 9?
True
Is 23 a factor of 462?
False
Is 7425 a multiple of 55?
True
Is 2042 a multiple of 6?
False
Is 9 a factor of 2273?
False
Is 6 a factor of 3222?
True
Is 23 a factor of 4916?
False
Is 1117 a multiple of 10?
False
Is 23998 a multiple of 74?
False
Does 15 divide 90?
True
Is 7880 a multiple of 69?
False
Is 17 a factor of 1236?
False
Is 1539 a multiple of 19?
True
Does 25 divide 41423?
False
Does 5 divide 1765?
True
Does 5 divide 489?
False
Is 344 a multiple of 8?
True
Is 359 a factor of 123137?
True
Is 100 a factor of 352?
False
Is 55553 a multiple of 73?
True
Does 82 divide 2703?
False
Is 41 a factor of 656?
True
Is 417 a multiple of 38?
False
Is 191 even?
False
Does 36 divide 12161?
False
Is 21 a factor of 7173?
False
Does 46 divide 2191?
False
Does 270 divide 7432?
False
Is 4140 a multiple of 25?
False
Is 33 a factor of 7618?
False
Is 42 a factor of 194?
False
Does 7 divide 704?
False
Is 12 a multiple of 2?
True
Is 2318 a multiple of 81?
False
Does 56 divide 5656?
True
Does 32 divide 1325?
False
Does 39 divide 3101?
False
Is 107 a factor of 1073?
False
Is 78 a multiple of 13?
True
Is 166 a factor of 4316?
True
Is 23 a factor of 310?
False
Is 120 a multiple of 6?
True
Does 5 divide 216?
False
Is 13 a facto